a prime number?
False
Is 1539393393 a composite number?
True
Is 667112543 prime?
False
Is 35929293391 composite?
True
Is 107539357327 composite?
False
Is 3971592109 prime?
True
Is 21667310723 a composite number?
False
Is 1308840373 a composite number?
False
Is 26745159731 a prime number?
True
Is 5389341233 a prime number?
True
Is 19447640129 composite?
False
Is 24688831467 a composite number?
True
Is 2155831901 a prime number?
True
Is 52837174501 prime?
True
Is 7140967651 a composite number?
False
Is 4679852161 composite?
False
Is 2347208441 prime?
True
Is 23306664631 composite?
False
Is 1925900483 composite?
True
Is 3307872283 composite?
False
Is 4246846039 a composite number?
True
Is 62869073 prime?
False
Is 454596697 prime?
False
Is 123698717 prime?
False
Is 24167757065 a composite number?
True
Is 68763277 composite?
True
Is 31127576429 prime?
False
Is 3362322211 a composite number?
True
Is 1560713969 a prime number?
False
Is 150635713 composite?
True
Is 620998043 a composite number?
True
Is 17989738099 composite?
True
Is 17920291 a composite number?
False
Is 523386553 composite?
False
Is 1491740671 prime?
False
Is 4865242189 a composite number?
True
Is 13605475973 prime?
False
Is 248095008478 composite?
True
Is 3531580509 composite?
True
Is 2031906817 prime?
True
Is 30886769807 a prime number?
False
Is 28316806159 prime?
True
Is 6396769 prime?
False
Is 8298409787 a composite number?
False
Is 8733351431 a composite number?
True
Is 1132654057 prime?
False
Is 2506478617 composite?
False
Is 37047988009 composite?
False
Is 1445995277 a composite number?
True
Is 49588823 prime?
True
Is 117726405103 a composite number?
False
Is 4267027009 composite?
True
Is 37244391727 a composite number?
True
Is 7397805847 a prime number?
False
Is 513857587 composite?
True
Is 10208344823 prime?
True
Is 4118442437 a prime number?
False
Is 2499394127 composite?
True
Is 1405265721 prime?
False
Is 9654957031 composite?
True
Is 4095322069 composite?
True
Is 6121979477 a composite number?
False
Is 768829021 a prime number?
True
Is 53564429293 composite?
False
Is 252067573783 a prime number?
True
Is 36724762163 a prime number?
True
Is 16841444231 a prime number?
False
Is 2437600601 composite?
False
Is 39318023315 prime?
False
Is 467722741 composite?
False
Is 904577231 composite?
False
Is 1525848299 prime?
True
Is 3069603683 composite?
True
Is 58945143809 a composite number?
True
Is 1813764011 composite?
False
Is 3598999507 prime?
True
Is 11306806541 prime?
True
Is 108357034487 a prime number?
False
Is 48353593433 prime?
True
Is 4577241943 composite?
True
Is 1595873069 a prime number?
False
Is 1034864293 prime?
False
Is 13588995617 composite?
True
Is 4946030171 composite?
False
Is 1418282479 composite?
False
Is 5873623831 a composite number?
True
Is 694543247 composite?
False
Is 783791449 a composite number?
True
Is 4643041301 a composite number?
False
Is 14682888757 a composite number?
True
Is 22298880319 a composite number?
False
Is 19584390967 composite?
False
Is 68874666521 a composite number?
False
Is 20034593771 a prime number?
True
Is 64154246855 a composite number?
True
Is 12125931 prime?
False
Is 987708317 a composite number?
False
Is 11809607627 prime?
True
Is 4330460669 a prime number?
True
Is 10345964989 a composite number?
False
Is 6432512357 prime?
True
Is 811651759 a composite number?
False
Is 666084691 prime?
False
Is 8304040123 a prime number?
True
Is 3256808879 a composite number?
True
Is 6391651949 a composite number?
False
Is 5956781669 a prime number?
True
Is 9135059909 a prime number?
False
Is 86344320191 a prime number?
True
Is 2997097853 prime?
True
Is 1525638505 a prime number?
False
Is 12950113087 prime?
False
Is 9465401719 a prime number?
False
Is 144045288631 a composite number?
False
Is 107985313429 prime?
False
Is 191989396367 composite?
False
Is 466049621 a prime number?
False
Is 67760816555 prime?
False
Is 88754880133 prime?
False
Is 1794120697 composite?
True
Is 5715175199 composite?
False
Is 64593499343 a prime number?
True
Is 16788255217 prime?
True
Is 9409366007 composite?
False
Is 6305299295 a composite number?
True
Is 228326093 composite?
False
Is 110958488638 composite?
True
Is 532802897 a prime number?
False
Is 8334339589 a composite number?
False
Is 67386183433 a prime number?
True
Is 848691911 a composite number?
True
Is 753159713 a prime number?
True
Is 45271287673 composite?
False
Is 752885641 a composite number?
True
Is 226471309 a prime number?
False
Is 22429636093 composite?
True
Is 2134068473 prime?
True
Is 717325433 a prime number?
False
Is 4015342441 a composite number?
True
Is 41827330973 a prime number?
False
Is 8929422013 a composite number?
False
Is 67553865331 a prime number?
True
Is 909791093 a composite number?
False
Is 214836677 a prime number?
False
Is 85499937017 prime?
False
Is 17343592481 prime?
True
Is 1279177859 a composite number?
False
Is 760497019 a composite number?
False
Is 1643665201 prime?
True
Is 135888061 composite?
False
Is 78684796909 a prime number?
False
Is 1584740002 composite?
True
Is 322681529 composite?
True
Is 350837863 composite?
False
Is 68537532967 a composite number?
True
Is 254533351 a composite number?
False
Is 621091099 a prime number?
True
Is 6088684271 a composite number?
False
Is 5755150111 a composite number?
False
Is 710674541 composite?
False
Is 79036886911 a composite number?
True
Is 6534105293 prime?
False
Is 395236579 prime?
True
Is 198638053 composite?
True
Is 14528831237 a composite number?
True
Is 64667207 prime?
False
Is 381826844987 composite?
True
Is 2093689753 prime?
False
Is 2270748589 composite?
True
Is 1029301211 a composite number?
False
Is 422286257 prime?
True
Is 19610253541 a composite number?
False
Is 470099818941 a prime number?
False
Is 6163174021 composite?
True
Is 4433203 prime?
True
Is 8802276443 composite?
False
Is 1032803921 a composite number?
True
Is 445229437 a prime number?
True
Is 2321037509 a prime number?
False
Is 48989613037 composite?
False
Is 700014314 a composite number?
True
Is 2546939107 prime?
False
Is 350874571 prime?
True
Is 2769176611 prime?
True
Is 2847156077 a prime number?
False
Is 1866775249 a composite number?
True
Is 7223345477 prime?
False
Is 433990303 composite?
False
Is 34367243083 prime?
False
Is 974323967 a composite number?
True
Is 6053834837 composite?
False
Is 1365323129 a composite number?
True
Is 1550470045 a composite number?
True
Is 34767320299 a prime number?
False
Is 280692829 prime?
True
Is 9379218551 a prime number?
False
Is 86683278673 composite?
False
Is 22146250043 a composite number?
True
Is 70818763 a prime number?
True
Is 2876396503 prime?
True
Is 1942862063 a composite number?
True
Is 235036757 a composite number?
False
Is 29442817139 composite?
False
Is 944514841 a prime number?
False
Is 5826845779 composite?
False
Is 1625237683 composite?
False
Is 15688429303 prime?
False
Is 11290381 prime?
False
Is 45632551 a prime number?
True
Is 10217278423 a prime number?
False
Is 7065290461 a prime number?
False
Is 717937481 prime?
True
Is 987345577 composite?
False
Is 1114861885 a composite number?
True
Is 4981455203 a composite number?
True
Is 892260869 a prime number?
True
Is 3876033247 a composite number?
True
Is 59042497687 a composite number?
False
Is 210727189 prime?
False
Is 22972840741 a composite number?
True
Is 2713129163 prime?
True
Is 927567079 prime?
True
Is 244840429 a prime number?
True
Is 4903555607 composite?
False
Is 146889212227 a composite number?
False
Is 3775235073 composite?
True
Is 1014875339 prime?
True
Is 749662021 a prime number?
True
Is 1152330961 a prime number?
True
Is 6776576029 prime?
True
Is 1403932091 a prime number?
True
Is 223384727 a prime number?
False
Is 270914173 composite?
True
Is 606994009 a composite number?
True
Is 1271235099 composite?
True
Is 2093327347 prime?
False
Is 28090649333 a prime number?
True
Is 11843489771 composite?
True
Is 29966417563 a composite number?
False
Is 334905359 prime?
True
Is 1467443567 composite?
False
Is 837318227 a prime number?
True
Is 49542265727 a prime number?
True
Is 8820722831 a composite number?
True
Is 1957328657 a prime number?
True
Is 4719709 prime?
False
Is 37461362663 prime?
True
Is 267054079027 a prime number?
False
Is 5356034